605?
4
What is the thousands digit of 21087?
1
What is the thousands digit of 5104?
5
What is the hundreds digit of 73620?
6
What is the tens digit of 897?
9
What is the ten thousands digit of 11567?
1
What is the tens digit of 1442?
4
What is the units digit of 22781?
1
What is the units digit of 3504?
4
What is the hundreds digit of 2488?
4
What is the thousands digit of 16011?
6
What is the thousands digit of 7592?
7
What is the units digit of 27939?
9
What is the units digit of 10344?
4
What is the units digit of 43385?
5
What is the thousands digit of 1354?
1
What is the tens digit of 43?
4
What is the units digit of 3369?
9
What is the hundreds digit of 17784?
7
What is the tens digit of 828?
2
What is the tens digit of 60455?
5
What is the units digit of 60573?
3
What is the units digit of 92509?
9
What is the thousands digit of 6626?
6
What is the thousands digit of 2519?
2
What is the thousands digit of 3840?
3
What is the hundreds digit of 14363?
3
What is the hundreds digit of 2389?
3
What is the units digit of 197?
7
What is the units digit of 9229?
9
What is the thousands digit of 6094?
6
What is the thousands digit of 36561?
6
What is the hundreds digit of 902?
9
What is the tens digit of 3701?
0
What is the hundreds digit of 6176?
1
What is the hundreds digit of 5858?
8
What is the thousands digit of 13036?
3
What is the hundreds digit of 11587?
5
What is the units digit of 72084?
4
What is the hundreds digit of 793?
7
What is the thousands digit of 7509?
7
What is the units digit of 92450?
0
What is the units digit of 591?
1
What is the hundreds digit of 7002?
0
What is the units digit of 817?
7
What is the ten thousands digit of 48650?
4
What is the units digit of 79699?
9
What is the tens digit of 77703?
0
What is the hundreds digit of 151272?
2
What is the thousands digit of 3236?
3
What is the units digit of 12339?
9
What is the tens digit of 227?
2
What is the thousands digit of 28992?
8
What is the hundreds digit of 700?
7
What is the hundreds digit of 972?
9
What is the tens digit of 2725?
2
What is the tens digit of 17019?
1
What is the units digit of 43888?
8
What is the tens digit of 1747?
4
What is the hundreds digit of 16007?
0
What is the thousands digit of 3098?
3
What is the units digit of 6692?
2
What is the hundreds digit of 2756?
7
What is the units digit of 2732?
2
What is the hundreds digit of 7373?
3
What is the ten thousands digit of 57221?
5
What is the tens digit of 101977?
7
What is the tens digit of 77198?
9
What is the thousands digit of 72250?
2
What is the hundreds digit of 12127?
1
What is the units digit of 574?
4
What is the units digit of 2546?
6
What is the tens digit of 2857?
5
What is the ten thousands digit of 31566?
3
What is the tens digit of 6685?
8
What is the hundreds digit of 1570?
5
What is the thousands digit of 8141?
8
What is the hundreds digit of 13257?
2
What is the units digit of 62276?
6
What is the thousands digit of 3927?
3
What is the units digit of 873?
3
What is the thousands digit of 75771?
5
What is the thousands digit of 43772?
3
What is the thousands digit of 1351?
1
What is the units digit of 45484?
4
What is the tens digit of 110134?
3
What is the ten thousands digit of 11319?
1
What is the hundreds digit of 61715?
7
What is the units digit of 694?
4
What is the units digit of 7556?
6
What is the tens digit of 1021?
2
What is the units digit of 21107?
7
What is the tens digit of 2145?
4
What is the tens digit of 7228?
2
What is the hundreds digit of 5465?
4
What is the ten thousands digit of 42110?
4
What is the hundreds digit of 5291?
2
What is the tens digit of 9976?
7
What is the tens digit of 22254?
5
What is the units digit of 3182?
2
What is the hundreds digit of 385?
3
What is the ten thousands digit of 26758?
2
What is the hundreds digit of 20473?
4
What is the ten thousands digit of 69854?
6
What is the tens digit of 1157?
5
What is the tens digit of 1267?
6
What is the tens digit of 1184?
8
What is the units digit of 758?
8
What is the tens digit of 4459?
5
What is the tens digit of 17?
1
What is the units digit of 723?
3
What is the hundreds digit of 21854?
8
What is the units digit of 7373?
3
What is the tens digit of 1370?
7
What is the units digit of 87552?
2
What is the units digit of 1279?
9
What is the hundreds digit of 1997?
9
What is the hundreds digit of 1215?
2
What is the units digit of 1272?
2
What is the tens digit of 3471?
7
What is the tens digit of 332?
3
What is the tens digit of 1150?
5
What is the units digit of 1199?
9
What is the hundreds digit of 7466?
4
What is the ten thousands digit of 27893?
2
What is the units digit of 1855?
5
What is the tens digit of 515?
1
What is the tens digit of 2170?
7
What is the units digit of 805?
5
What is the units digit of 8317?
7
What is the tens digit of 2167?
6
What is the hundreds digit of 205?
2
What is the hundreds digit of 324?
3
What is the tens digit of 564?
6
What is the tens digit of 58096?
9
What is the hundreds digit of 3039?
0
What is the thousands digit of 7616?
7
What is the ten thousands digit of 88072?
8
What is the tens digit of 7483?
8
What is the ten thousands digit of 18761?
1
What is the tens digit of 1346?
4
What is the hundreds digit of 5423?
4
What is the ten thousands digit of 58626?
5
What is the tens digit of 1806?
0
What is the units digit of 21329?
9
What is the thousands digit of 8179?
8
What is the thousands digit of 2838?
2
What is the units digit of 70150?
0
What is the thousands digit of 2049?
2
What is the tens digit of 5815?
1
What is the units digit of 539?
9
What is the units digit of 925?
5
What is the tens digit of 1012?
1
What is the thousands digit of 81983?
1
What is the hundreds digit of 46430?
4
What is the tens digit of 200?
0
What is the tens digit of 1087?
8
What is the thousands digit of 12468?
2
What is the hundreds digit of 767?
7
What is the tens digit of 8314?
1
What is the thousands digit of 75882?
5
What is the units digit of 2507?
7
What is the hundred thousands digit of 162584?
1
What is the tens digit of 5824?
2
What is the ten thousands digit of 29724?
2
What is the hundred thousands digit of 113122?
1
What is the units digit of 133040?
0
What is the thousands digit of 58906?
8
What is the hundreds digit of 21105?
1
What is the tens digit of 28321?
2
What is the units digit of 1167?
7
What is the tens digit of 2225?
2
What is the tens digit of 2711?
1
What is the units digit of 12368?
8
What is the tens digit of 144?
4
What is the thousands digit of 35839?
5
What is the thousands digit of 1006?
1
What is the units digit of 4221?
1
What is the tens digit of 783?
8
What is the tens digit of 3198?
9
What is the tens digit of 1490?
9
What is the units digit of 47048?
8
What is the thousands digit of 2124?
2
What is the tens digit of 364?
6
What is the tens digit of 26267?
6
What is the tens digit of 363?
6
What is the hundreds digit of 8465?
4
What is the hundreds digit of 251?
2
What is the units digit of 14858?
8
What is the ten thousands digit of 32902?
3
What is the thousands digit of 65955?
5
What is the tens digit of 6869?
6
What is the tens digit of 577?
7
What is the hundreds digit of 10443?
4
What is the thousands digit of 17625?
7
What is the hundreds digit of 50006?
0
What is the thousands digit of 3542?
3
What is the thousands digit of 4042?
4
What is the tens digit of 2678?
7
What is the ten thousands digit of 75955?
7
What is the tens digit of 121349?
4
What is the thousands digit of 22057?
2
What is the tens digit of 1946?
4
What is the tens digit of 86128?
2
What is the tens digit of 34903?
0
What is the thousands digit of 2410?
2
What is the tens digit of 5070?
7
What is the units digit of 1216?
6
What is the tens digit of 29734?
3
What is the units digit of 617?
7
What is the tens digit of 7928?
2
What is the tens digit of 95?
9
What is the ten thousands digit of 68965?
6
What is the thousands digit of 11504?
1
What is the tens digit of 240?
4
What is the tens digit of 1264?
6
What is the units digit of 10193?
3
What is the thousands digit of 6104?
6
What is the hundreds digit of 32842?
8
What is the units digit of 6176?
6
What is the hundreds digit of 18138?
1
What is the tens digit of 1124?
2
What is the thousands digit